9901*z - 10559226. Calculate p(-8).
-18
Let g(r) = 9*r**3 - 14*r**2 - 91*r + 89. Determine g(-3).
-7
Let d(s) = 3*s**2 - 840*s - 7144. What is d(295)?
6131
Let u(g) = 2*g**3 - 29*g**2 - 123*g + 1910. Determine u(14).
-8
Let l(m) = 1237*m**2 - 29*m + 29. Calculate l(1).
1237
Let a(r) = 29*r**2 - 5993*r + 5963. Determine a(1).
-1
Let m(z) = 173270*z - 3465359. What is m(20)?
41
Let u(h) = -209*h**2 + 46*h - 156. What is u(3)?
-1899
Let b(i) = i**3 + 10*i**2 - 2871*i - 31623. Determine b(-11).
-163
Let i(f) = 3*f**3 + 55*f**2 + 59*f + 1514. Determine i(-19).
-329
Let p(c) = -c**2 - 9*c + 1298. Determine p(-35).
388
Let c(f) = -140*f - 2510. Determine c(-23).
710
Let f(q) = -30*q**3 + 4*q**2 - 136*q + 529. Determine f(4).
-1871
Let c(q) = -4449*q + 1232300. Calculate c(277).
-73
Let s(w) = -2834*w**2 - 442110*w - 937. Give s(-156).
-1
Let i(r) = 9140*r + 383895. Give i(-42).
15
Let p(d) = -d**3 - 736*d**2 + 2214*d + 44. Give p(3).
35
Let a(v) = -94*v - 119. What is a(-21)?
1855
Let r(v) = -v**3 + 59*v**2 + 464*v + 220. What is r(66)?
352
Let o(i) = i**2 - 1461*i + 32684. Give o(23).
-390
Let x(n) = -597*n - 7465. What is x(-12)?
-301
Let z(m) = -m**2 - 331*m - 26991. Give z(-178).
243
Let q(s) = 73473*s - 2644981. Determine q(36).
47
Let s(l) = 679*l**2 - 4091*l + 54. Determine s(6).
-48
Let j(s) = 740*s + 43330. Calculate j(-59).
-330
Let c(b) = b**3 - 14*b**2 - 55*b + 158. Calculate c(22).
2820
Let z(u) = 805*u**2 - 4840*u + 51. Calculate z(6).
-9
Let i(f) = f**3 - 194*f**2 + 2870*f + 5371. Calculate i(18).
7
Let p(q) = 68*q**2 - 2845*q + 25318. Determine p(29).
1
Let z(q) = 5*q**2 - 177*q - 394. Determine z(38).
100
Let x(n) = -n**2 - 1964*n - 27360. Determine x(-14).
-60
Let o(b) = -191*b**3 + 2*b**2 + 152*b + 304. What is o(-2)?
1536
Let p(y) = y**3 - 18*y**2 - 574*y + 972. Give p(34).
-48
Let m(a) = -1918*a - 89054. Calculate m(-47).
1092
Let n(t) = 73*t**2 - 36*t - 126. Give n(-5).
1879
Let v(f) = f**3 - 10*f + 900. Determine v(0).
900
Let k(i) = 5016*i**2 + 120382*i - 54. Determine k(-24).
-6
Let f(g) = g**2 + 267940*g - 1607671. Determine f(6).
5
Let u(j) = j**3 + 54*j**2 + 73*j + 3906. What is u(-54)?
-36
Let i(b) = b**3 + 16*b**2 - 8961*b - 52. What is i(-103)?
-52
Let r(o) = 10*o**3 + 26*o**2 + 38*o + 176. Calculate r(-5).
-614
Let r(a) = 12677*a - 1711356. What is r(135)?
39
Let x(p) = 15*p**2 - 128*p + 709. Give x(14).
1857
Let v(k) = 25*k**2 - 15052*k + 46125. What is v(599)?
2
Let a(r) = 5*r**3 - 17*r**2 + 40*r - 166. Determine a(4).
42
Let w(p) = -p**2 - 1448*p - 18506. Give w(-13).
149
Let p(d) = 5*d**3 + 547*d**2 - 495*d - 77717. Determine p(-109).
0
Let m(x) = -x**3 + 468*x**2 + 52171*x - 177. What is m(-93)?
9
Let v(o) = -2*o**3 - 34*o**2 - 51*o - 41. What is v(-15)?
-176
Let k(o) = -1694*o + 240643. What is k(142)?
95
Let d(b) = 337*b**2 + 416*b + 417. What is d(-1)?
338
Let n(g) = -46237*g - 231180. Give n(-5).
5
Let p(x) = 392*x + 102715. What is p(-262)?
11
Let v(x) = -17850*x**2 - 53510*x + 115. What is v(-3)?
-5
Let f(v) = -v**2 + 84*v + 2099. Determine f(120).
-2221
Let t(x) = -x**2 - 123*x + 4321. What is t(26)?
447
Let f(a) = 12*a**2 - 1885*a + 52524. What is f(36)?
216
Let b(v) = -v**3 + 44*v**2 + 431*v + 114. Give b(-8).
-6
Let l(y) = y**3 - 41*y**2 - 13*y + 1150. Determine l(41).
617
Let b(w) = 14789*w - 1138716. Determine b(77).
37
Let x(o) = -2074*o - 1420677. What is x(-685)?
13
Let k(o) = -24*o**3 + 42*o**2 + 192*o - 13. Determine k(-6).
5531
Let x(o) = -110*o**3 - 114*o**2 - 121*o - 7. Calculate x(-1).
110
Let x(f) = 141*f + 12425. What is x(-78)?
1427
Let v(x) = x**3 + 43*x**2 - 1537*x - 67. Determine v(-66).
1187
Let f(v) = 4*v**2 + 55944*v - 223895. What is f(4)?
-55
Let s(j) = 2468*j + 2366. Calculate s(-1).
-102
Let z(a) = -45*a - 3294. Calculate z(-111).
1701
Let f(g) = -g**3 + 38*g**2 - 361*g + 41. Determine f(25).
-859
Let t(g) = 43*g**3 + 2009*g**2 + 1423*g - 140. Give t(-46).
-2
Let o(i) = i**3 + 270*i**2 - 531*i + 3528. Give o(-272).
-8
Let o(c) = -1067*c - 246642. Give o(-231).
-165
Let i(q) = 715*q - 25702. Determine i(40).
2898
Let i(y) = y**3 + 91*y**2 + 265*y + 23855. What is i(-91)?
-260
Let u(t) = 4*t**2 - 191*t + 1982. What is u(32)?
-34
Let r(c) = 445*c - 97677. Give r(218).
-667
Let g(f) = 2*f**2 + 35*f - 7623. Give g(-70).
-273
Let q(v) = -58*v**2 + 590*v - 1757. Give q(3).
-509
Let l(h) = -2*h**3 - 195*h**2 - 318*h - 2859. What is l(-96)?
21
Let b(p) = -15632*p - 1610094. Determine b(-103).
2
Let v(m) = -8578*m + 698. Calculate v(0).
698
Let z(x) = -4*x**2 + 248*x + 2296. What is z(-8)?
56
Let f(c) = c**2 - 170*c + 6048. What is f(119)?
-21
Let s(z) = z**3 - 93*z**2 - 2005*z + 107. Calculate s(111).
-670
Let f(x) = x**2 + 13118*x - 8460149. What is f(616)?
-5
Let a(t) = -1199*t + 24109. What is a(20)?
129
Let w(q) = -46*q**2 - 5313*q - 298. Determine w(-116).
-2966
Let r(b) = b**3 + 7*b**2 - 14*b + 226. What is r(-10)?
66
Let m(g) = 58*g**3 - 40*g**2 + 83*g + 4. Give m(2).
474
Let j(l) = 12*l**2 + 3173*l + 41231. Calculate j(-13).
2010
Let l(h) = -53*h + 5170. Determine l(80).
930
Let f(i) = 2492*i - 14942. Calculate f(6).
10
Let y(p) = 4*p**3 + 9*p**2 - 95*p - 247. Determine y(-5).
-47
Let r(y) = 84482*y + 2365441. Give r(-28).
-55
Let p(d) = -d**3 - 162*d**2 - 229*d - 11086. Determine p(-161).
-138
Let a(b) = b**3 + 46*b**2 + 180*b + 507. Give a(-42).
3
Let g(z) = -3809*z - 251373. Determine g(-66).
21
Let z(v) = -9*v**2 + 413*v + 86. What is z(46)?
40
Let d(b) = 849*b + 6331. Determine d(-7).
388
Let p(b) = -b**3 + 18*b**2 + 2032*b - 113. Calculate p(-37).
-2
Let m(y) = 6*y + 386. Give m(-59).
32
Let b(i) = -3*i**2 - 4307*i - 171556. What is b(-41)?
-12
Let j(o) = 39875*o + 598201. What is j(-15)?
76
Let s(l) = -10168*l - 60863. What is s(-6)?
145
Let j(n) = 5*n**3 + 717*n**2 - 406*n + 3650. What is j(-144)?
-94
Let x(t) = 82835*t - 1325394. Calculate x(16).
-34
Let a(k) = -8*k**2 - 606*k - 9875. What is a(-15)?
-2585
Let s(a) = 47*a**2 - 1786*a + 384. What is s(39)?
2217
Let v(f) = 105*f - 1789. Calculate v(24).
731
Let a(r) = 339*r - 27. What is a(1)?
312
Let c(i) = -263*i**2 + 4454*i + 342. What is c(17)?
53
Let w(s) = s**3 - 7*s**2 - 443*s - 144. Calculate w(-17).
451
Let a(y) = y**3 + 29*y**2 - 659*y + 24. Determine a(15).
39
Let t(d) = 369*d**2 + 1872*d + 120. What is t(-5)?
-15
Let x(k) = -2*k**3 - 553*k**2 - 2979*k + 540. Give x(-271).
-2
Let s(j) = -5*j**2 + 409*j - 5873. What is s(61)?
471
Let c(z) = z**3 + 58*z**2 + 277*z - 346. Determine c(-53).
-982
Let g(l) = -928*l + 88070. Give g(95).
-90
Let z(p) = p**3 + 25*p**2 + 179*p + 467. Give z(-20).
-1113
Let r(a) = -a**3 - 53*a**2 - 88*a + 699. Determine r(-51).
-15
Let n(s) = -2*s**2 + 225*s - 3063. What is n(99)?
-390
Let p(k) = 833*k + 5430. Determine p(-10).
-2900
Let n(f) = -2*f**2 + 231*f - 2724. Give n(13).
-59
Let v(u) = 4*u**3 + 281*u**2 + 152*u + 5745. What is v(-70)?
5
Let p(j) = 869*j**3 + 11*j**2 - 12*j + 4. Determine p(1).
872
Let n(f) = -3*f**2 - 4236*f - 42053. Calculate n(-10).
7
Let b(v) = v**2 + 15086*v - 802361. What is b(53)?
6
Let u(o) = 1676*o**2 + 293302*o + 355. Give u(-175).
5
Let d(x) = -3172*x + 50794. Give d(16).
42
Let a(r) = 98*r - 13466. Give a(83).
-5332
Let n(t) = 741244*t - 8153728. What is n(11)?
-44
Let q(i) = i**3 - 173*i**2 - 17656*i + 3833. What is q(245)?
-87
Let i(y) = -1016*y + 12389. Determine i(12).
197
Let o(q) = -8961*q - 125088. Calculate o(-14).
366
Let l(g) = 27*g**3 + 1808*g**2 - 50*g + 1128. Give l(-67).
-11
Let t(v) = 2*v**2 + 441*v + 20048. What is t(-157)?
109
Let d(r) = -1505*r + 591452. What is d(393)?
-13
Let m(l) = -3*l**3 - 432*l**2 - 85*l - 12797. What is m(-144)?
-557
Let h(w) = -462*w + 7244. Calculate h(16).
-148
Let i(c) = -18*c**2 - 558*c - 541. Determine i(-29).
503
Let y(r) = 375*r + 76809. Give y(-204).
309
Let k(o) = -12*o**2 + 203*o - 617. Determine k(3).
-116
Let w(h) = -40*h**3 + 9*h**2 + 5*h - 2. Calculate w(2).
-276
Let s(a) = 7341*a - 35241. Determine s(5).
1464
Let x(v) = v**3 + 145*v**2 + 2078*v + 67. What is x(-16)?
-157
Let y(l) = -l**3 + 54*l**2 + 316*l - 8293. Give y(57).
-28
Let y(z) = -2*z**2 + 148445*z + 1484654. Calculate y(-10).
4
Let j(i) = -i**3 + 54*i**2 - 483*i + 33338. Determine j(56).
18
Let o(s) = 5*s**3 + 183*s**2 + 470*s + 214